**2 - 6*k - 2*k. Determine w(-4).
11
Let t(n) be the first derivative of -n**2/2 - 13*n - 169. Let u be 14*3/(-2) - -3. Let o = u - -11. What is t(o)?
-6
Let z(q) = -27*q**2 - 16*q - 1. Let i(d) = 32*d**2 + 15*d. Let h(j) = 5*i(j) + 6*z(j). What is h(-3)?
39
Let r(g) = 20*g + 20. Let m = 30654 + -30656. Give r(m).
-20
Suppose 1404 = 145*v - 23*v - 426. Let q(k) = -2*k**3 + 29*k**2 + 18*k + 6. What is q(v)?
51
Let m(c) = 13*c. Let n(s) = 4*s. Let i(g) = 2*m(g) - 7*n(g). Suppose 6*f + 899 = -721. Let v be 2/6 + f/81. What is i(v)?
6
Let x(s) = s. Suppose -20 = k + 4*o, 0 = k + 3*k + 5*o + 36. Let u(f) = f - 2. Let y(v) = k*x(v) + 3*u(v). What is y(5)?
-11
Let i be -7 + -17 + (-119)/(-7). Let y(j) be the third derivative of -j**5/60 - 3*j**4/8 - 7*j**3/6 + 4*j**2. Determine y(i).
7
Let b be ((-2)/48)/((-11)/22). Let x(s) be the second derivative of 1/6*s**3 + 0 + 3/2*s**2 - 27*s + b*s**4 + 1/20*s**5. What is x(-3)?
-18
Suppose -11 = -2*p - 7. Suppose p*a - 9*a = -70. Let j(u) = -4*u - 7*u + a*u + 16*u. What is j(1)?
15
Suppose -172 = 29*u - 72*u. Let x(o) = 3*o**2 - 7*o - 1. Give x(u).
19
Let z(n) = -n + 1. Let y be (-6)/(-3)*(54 - -7). Suppose -3*w - 244 - y = 0. Let i = w + 122. Determine z(i).
1
Let q = 35 - 33. Let o be 68/60 + (8/(-30))/q. Let i(u) = -5*u + 1. Calculate i(o).
-4
Let k be (-145)/(-10) - (-3)/(-2). Suppose 0 = k*x - 3*x + 180. Let v be (-4)/x + 2/(-9). Let m(y) = y**3 - y**2 + 6. Calculate m(v).
6
Let s(a) = 21*a**2 + 5 - 8*a**2 - 9*a**2 + 6*a + 0*a**2. Let n be s(-1). Let w(g) = 2*g**2 + 0*g**2 - 3 + g**2 + 2*g - g**3. Calculate w(n).
3
Let n(x) = 6*x**2 - x - 1. Let z be n(1). Let v(w) be the first derivative of -w**4/4 + 4*w**3/3 - w**2 + 3*w + 2743. Give v(z).
-5
Let l = 405 - 397. Let u(k) = 2*k**2 - 9*k + 10. Let q(t) = 4*t**2 - 21*t + 21. Let c(z) = -3*q(z) + 5*u(z). What is c(l)?
3
Let w(g) = 2*g**2 - 4*g + 58. Let v(y) = -y**2 + 3*y - 29. Let l(k) = -11*v(k) - 6*w(k). Calculate l(-6).
-11
Let l(i) = i**2 - 19*i - 73. Let x = -8346 - -8342. What is l(x)?
19
Let n(q) = 24*q - 88. Let i be n(4). Let a(z) = 112*z**2 + 4 - 9*z + 7 - 111*z**2. Calculate a(i).
3
Let o(f) = f**2 - 86*f - 1. Let d(h) = -8*h**2 + 642*h + 8. Let p(y) = 2*d(y) + 15*o(y). Calculate p(-8).
-15
Let r(c) = 7*c + 1. Let p = -125 - -129. Suppose -p*y + 28 = 16. Suppose 26*f = 23*f - y. Calculate r(f).
-6
Let f = 76 - 43. Suppose -6*y + 3*g + f = -2*y, 2*y - 13 = 5*g. Suppose -j - y = -3. Let t(v) = v**3 + 6*v**2 + v - 7. Calculate t(j).
-13
Let d(a) = a + 2. Let k(q) be the third derivative of -q**4/3 - 7*q**3/3 - 165*q**2. Let p(j) = -18*d(j) - 2*k(j). Calculate p(-4).
0
Let h(l) be the second derivative of -l**3/6 + 2*l**2 - 7*l. Suppose 102*n - 99*n - p = 11, 0 = 5*n + 2*p - 33. Give h(n).
-1
Let t(n) = -5 - 5*n**2 - 15 - 11 + n**3 + 43. Calculate t(5).
12
Let y(b) = -b - 4. Let h(f) = 7*f + 21. Let z be h(3). Suppose -3*j + 42 = z. Give y(j).
-4
Let c = 20695 - 20706. Let x(y) = -3*y**2 - 37*y - 54. Give x(c).
-10
Let p(m) = 19 + 21*m - 10 - 9 - 6*m - 13. Determine p(2).
17
Let d(w) = -11*w + 69. Let u(z) = 2*z - 9. Let b(q) = d(q) + 2*u(q). What is b(8)?
-5
Let x(s) = -8*s**2 - 65 + 3*s**2 + 2*s + 65. Let w(p) = 14*p**2 - 4*p + 2. Let u(c) = -4*w(c) - 11*x(c). Give u(-5).
-3
Let g be ((-1064)/(-1729))/(6/(-39)). Let x(q) = q**3 + 3*q**2 - 7*q - 4. Calculate x(g).
8
Suppose -3*u + 4 = -5*u. Let f(v) = -3*v + 4*v - 2 + 1 + 5*v**2. Determine f(u).
17
Let f(m) = m**2 + 11*m + 7. Suppose -12*k - g - 50 = -13*k, 0 = 5*k + 3*g - 290. Suppose -2*l = -5*s - k, 5*l - 20 = l. Determine f(s).
-11
Let t be (7520/(-1175))/(3/((-30)/(-4))). Let l(q) = q**3 + 18*q**2 + 30*q - 20. Determine l(t).
12
Suppose -l + 3*l - 6 = 0. Let h(b) = -4*b**3 - 7*b**2 + 6 + b**3 + 2*b**l + b. Let r be (-1 - 0)*(45 - 1634/43). Give h(r).
-1
Let k(z) = -z - 173*z**2 + 174*z**2 + 16 - 2*z. Let v be k(5). Let s(x) = 3*x + 25 - x**2 - 8*x - v. What is s(-4)?
3
Let f(o) = -5*o**2 - 185*o - 183. Let a be f(-36). Let s(k) = k - 3. Give s(a).
-6
Let t = -7654 - -7648. Suppose 0 = -0*q + 5*q - 10. Let z(f) = -f**q + 2*f + 5 - 3*f - 3*f. Calculate z(t).
-7
Let u(o) = -o**2 + o + 4. Let v(w) = 13*w - 14. Let s be v(-26). Let f = 352 + s. Calculate u(f).
4
Let q(y) = 2*y**2 - 8*y - 20. Let m = -22130 + 22139. What is q(m)?
70
Let k(v) = -4*v**2 - 4*v - 3. Let m = -6129 - -6133. What is k(m)?
-83
Let s = -134 - -24. Let p = s + 107. Let w(n) = -7*n - 4. Calculate w(p).
17
Suppose -2*a + 0*a - 24 = 0. Let z(s) = 26*s + 3 + 11 - 11*s**2 - s**3 - 14*s - 16. Calculate z(a).
-2
Let x(o) = o**2 + 22*o. Suppose 0 = -4*g + 2*c - 64, 0 = 4*g + 2*c + 44 + 52. Calculate x(g).
-40
Let j(k) be the second derivative of 7*k**3/6 - 120*k**2 + 2097*k. What is j(34)?
-2
Let a(s) be the third derivative of 0*s + 1/6*s**3 + 0 + 1/30*s**5 + 1/120*s**6 + 23*s**2 + 1/24*s**4. Give a(2).
19
Let n(g) = -g**3 - 4*g**2 - 2*g - 20. Let p be n(-4). Let m(r) be the third derivative of -r**6/120 - r**5/5 - r**4/12 - 3*r**3 + r**2 - 10. What is m(p)?
6
Let j(v) be the first derivative of 9*v**2 + 2*v + 6487. Determine j(0).
2
Let n(r) = r**2 + r - 17. Let j(l) = -l**3 + 15*l**2 + 12*l - 572. Let h be j(12). Determine n(h).
3
Suppose -13*b - 100 = -33*b. Suppose -b*l = -6*l + 1. Let s(v) = v. Calculate s(l).
1
Let a(r) = -10 - 79*r - 87*r + 174*r. Calculate a(5).
30
Let m(u) = -u**3 + 53*u**2 + u - 12. Let t(o) = 2*o**3 - 114*o**2 - o + 25. Let y(x) = 13*m(x) + 6*t(x). Let z be ((-12)/10)/((-4)/20). Calculate y(z).
0
Let a(o) = 37 - 3 + 9*o - 13*o + 23*o + 550. Give a(-31).
-5
Let l(t) be the third derivative of -t**7/1680 + 7*t**6/120 - t**5/60 - t**4/6 - 266*t**2. Let c(r) be the third derivative of l(r). What is c(17)?
-9
Suppose 2*i = 3*q - 26, 0 = 4*q - 3*i - 2*i - 37. Suppose -2*l = l + 5*k - 13, -4*l + 22 = 2*k. Let v be -11 + q/l*3. Let x(h) = -h - 8. What is x(v)?
-1
Let s(z) = -14*z**2 - 100*z - 205. Let o(x) = 9*x**2 + 67*x + 137. Let i(k) = -8*o(k) - 5*s(k). Give i(-16).
-7
Let w = -4 + 4. Let z(p) be the second derivative of p**4/12 - p**3/6 - 23*p**2/2 - 2*p + 1526. What is z(w)?
-23
Let j be 0 - 3 - 650 - (-5 + 10). Let x = -663 - j. Let y(s) be the second derivative of -s**5/20 - s**4/2 - 2*s**3/3 + 5*s**2/2 - s. What is y(x)?
0
Let z be (-3 + (-27)/(-12))/((-10)/(-40)). Let w(x) be the third derivative of -x**6/120 - x**5/30 + x**4/12 + 2*x**3/3 + 11*x**2. Give w(z).
7
Suppose -97*h + 103*h + 42 = 0. Let l(a) = -a**3 - 8*a**2 - 4*a + 4. Calculate l(h).
-17
Let a(c) = c + 10. Suppose 21*u - 8*u = -1183. Let y = 97 + u. Suppose 0 = -3*j + 6*j + 2*n + 13, 2*j - y = -5*n. Calculate a(j).
3
Let b = -922 - -917. Let v(g) be the second derivative of g**4/12 + 7*g**3/6 - g**2/2 + 26*g. What is v(b)?
-11
Let o(x) = 2*x**3 + 11*x**2 - x - 2. Let i(f) be the second derivative of -f**4/6 + 4*f - 8. Let p(y) = 6*i(y) + o(y). Give p(2).
8
Let q be -4 + (2 - 1) + -4. Let n(r) = -133 + 264 - r**2 - 5*r - 118. Calculate n(q).
-1
Let h(m) = -15*m**2 - 7*m + 6. Let d(v) = 7*v**2 + 3*v - 2. Let q(k) = -5*d(k) - 2*h(k). What is q(-4)?
-78
Let v(i) = -7*i**3 + 5*i - 6*i**3 + 8 - 2*i**2 - 5*i**2 + 6*i**3. Let s(r) = 5*r**3 + 6*r**2 - 4*r - 7. Let n(j) = 4*s(j) + 3*v(j). Determine n(3).
-7
Let m(i) = 2*i + 37 - 32 + 38 + 38. Let t be m(0). Let w(y) = 82*y - t*y - 3 + 1. Determine w(0).
-2
Let h(g) = 2*g**2 - 2*g - 26. Suppose 306*o + 43 + 357 = -1130. Give h(o).
34
Let z(u) = 3*u**2 - u - 1. Suppose -2*r - 3*r = -335. Let h = -70 + r. Determine z(h).
29
Let f(n) = 14*n**2 - 5*n + 15. Let o(v) = 13*v**2 - 1 + 8 - 4*v + 6 + 0. Let p(x) = 6*f(x) - 7*o(x). What is p(2)?
-33
Let z be 2/(-1) - (1 + 0). Let d be (30/40)/((-2)/(-8)). Let o(p) = -2*p**2 - 4 - 2*p - 5*p - p + d*p. Determine o(z).
-7
Let q(t) = -t + 53. Suppose -72*g - 85 = -77*g - 3*h, -3*g + 2*h = -32. What is q(g)?
39
Let g(c) = 4*c**2 + 10 - 12 - 7*c**2 - 8*c. Let o = 60 + -63. Let y be g(o). Let n(i) = -i**2 - 6*i. Determine n(y).
5
Let o(j) be the first derivative of 5*j**2 + 72*j + 4772. Give o(-7).
2
Let d(f) = 2*f**2 + 7*f + 70. Let t be d(-12). Let r = t - 273. Let b(o) = 26*o**3 + o**2 + o - 1. Determine b(r).
27
Let z(p) = -p**2 + 13*p + 34. Let v be z(11). Let g be 144/v + 3/7 - 10. Let h(d) = -5*d - 31. Let b be h(g). Let i(r) = -r**3 + 7*r**2 - 6*r + 3. Giv